 245911343?
3
What is the hundreds digit of 152488033?
0
What is the hundred thousands digit of 59130267?
1
What is the tens digit of 248778764?
6
What is the ten millions digit of 30538879?
3
What is the thousands digit of 2079632477?
2
What is the hundreds digit of 64358417?
4
What is the ten thousands digit of 1913782221?
8
What is the ten millions digit of 87352247?
8
What is the tens digit of 2177477512?
1
What is the hundreds digit of 21523074?
0
What is the ten thousands digit of 294237592?
3
What is the hundred thousands digit of 1374894242?
8
What is the thousands digit of 95989056?
9
What is the hundred thousands digit of 33134570?
1
What is the ten thousands digit of 37031992?
3
What is the hundred thousands digit of 124444605?
4
What is the millions digit of 136787237?
6
What is the hundreds digit of 243178978?
9
What is the thousands digit of 15764026?
4
What is the units digit of 33913975?
5
What is the hundred thousands digit of 141686242?
6
What is the millions digit of 70756162?
0
What is the hundreds digit of 1432512?
5
What is the hundreds digit of 1489208572?
5
What is the ten thousands digit of 85116098?
1
What is the hundred thousands digit of 6556225?
5
What is the ten thousands digit of 44178423?
7
What is the thousands digit of 210937501?
7
What is the thousands digit of 96921309?
1
What is the ten millions digit of 2156938138?
5
What is the thousands digit of 2396570872?
0
What is the hundred thousands digit of 97992147?
9
What is the millions digit of 46169720?
6
What is the thousands digit of 518546295?
6
What is the hundreds digit of 4961471527?
5
What is the hundred thousands digit of 393292780?
2
What is the ten thousands digit of 4311415639?
1
What is the hundreds digit of 578844401?
4
What is the hundred millions digit of 206844610?
2
What is the ten millions digit of 451861386?
5
What is the ten thousands digit of 246874725?
7
What is the tens digit of 101680719?
1
What is the hundred thousands digit of 26275274?
2
What is the ten millions digit of 885450246?
8
What is the tens digit of 304671109?
0
What is the units digit of 140487732?
2
What is the units digit of 103522604?
4
What is the units digit of 268932591?
1
What is the hundred millions digit of 463791982?
4
What is the ten millions digit of 1744312417?
4
What is the thousands digit of 316692451?
2
What is the millions digit of 51556380?
1
What is the hundreds digit of 54820323?
3
What is the hundred thousands digit of 448000576?
0
What is the hundreds digit of 925847202?
2
What is the millions digit of 70380024?
0
What is the thousands digit of 6492849722?
9
What is the ten millions digit of 183591539?
8
What is the thousands digit of 627466523?
6
What is the millions digit of 6842631023?
2
What is the units digit of 433865131?
1
What is the hundred thousands digit of 581922697?
9
What is the hundred millions digit of 315609803?
3
What is the millions digit of 4562105038?
2
What is the hundreds digit of 164332843?
8
What is the ten millions digit of 70953120?
7
What is the hundreds digit of 11033288?
2
What is the tens digit of 1327190897?
9
What is the hundred thousands digit of 557290544?
2
What is the tens digit of 2491039840?
4
What is the ten thousands digit of 1170179822?
7
What is the thousands digit of 59247794?
7
What is the units digit of 58903403?
3
What is the ten thousands digit of 37444916?
4
What is the tens digit of 949737851?
5
What is the units digit of 89701227?
7
What is the millions digit of 2961067365?
1
What is the units digit of 243812604?
4
What is the millions digit of 1640026225?
0
What is the tens digit of 1382928204?
0
What is the thousands digit of 691883892?
3
What is the hundred millions digit of 429239538?
4
What is the ten thousands digit of 78699303?
9
What is the hundred thousands digit of 35778112?
7
What is the hundred millions digit of 1067141883?
0
What is the ten millions digit of 31034939?
3
What is the billions digit of 1699815921?
1
What is the ten thousands digit of 847312915?
1
What is the tens digit of 333182382?
8
What is the ten thousands digit of 51050124?
5
What is the millions digit of 83397174?
3
What is the units digit of 383954228?
8
What is the units digit of 1468588904?
4
What is the thousands digit of 27502198?
2
What is the tens digit of 2672245978?
7
What is the ten millions digit of 987156766?
8
What is the ten thousands digit of 76200870?
0
What is the hundred millions digit of 407109138?
4
What is the hundred thousands digit of 57340059?
3
What is the tens digit of 376002148?
4
What is the tens digit of 30840106?
0
What is the millions digit of 450638274?
0
What is the billions digit of 1767117635?
1
What is the billions digit of 3263178730?
3
What is the millions digit of 79930142?
9
What is the hundred millions digit of 1514451967?
5
What is the thousands digit of 568023881?
3
What is the hundred millions digit of 994564355?
9
What is the hundred thousands digit of 524141535?
1
What is the tens digit of 632521119?
1
What is the millions digit of 1097369153?
7
What is the tens digit of 380672650?
5
What is the thousands digit of 2359873769?
3
What is the thousands digit of 215678046?
8
What is the tens digit of 21238767?
6
What is the units digit of 2700300049?
9
What is the units digit of 266374934?
4
What is the hundreds digit of 666068541?
5
What is the ten millions digit of 3642573277?
4
What is the hundred thousands digit of 1202179822?
1
What is the tens digit of 98517823?
2
What is the millions digit of 491314607?
1
What is the thousands digit of 68528024?
8
What is the ten thousands digit of 423164911?
6
What is the ten millions digit of 225789310?
2
What is the tens digit of 7700861?
6
What is the hundred thousands digit of 177671326?
6
What is the tens digit of 783873356?
5
What is the hundred millions digit of 1197097049?
1
What is the hundred millions digit of 713466727?
7
What is the ten thousands digit of 2610132078?
3
What is the millions digit of 549606301?
9
What is the thousands digit of 902872265?
2
What is the hundred thousands digit of 345418533?
4
What is the thousands digit of 1585449033?
9
What is the units digit of 438170214?
4
What is the units digit of 1287143553?
3
What is the hundred thousands digit of 3399158631?
1
What is the tens digit of 393540831?
3
What is the units digit of 69167926?
6
What is the millions digit of 164767607?
4
What is the billions digit of 2096682578?
2
What is the ten thousands digit of 298726668?
2
What is the millions digit of 38928535?
8
What is the millions digit of 182423644?
2
What is the hundred millions digit of 3050875680?
0
What is the hundred thousands digit of 253909081?
9
What is the tens digit of 6447599?
9
What is the hundreds digit of 564193248?
2
What is the millions digit of 88008900?
8
What is the billions digit of 5238664527?
5
What is the units digit of 11304998?
8
What is the ten thousands digit of 43717772?
1
What is the ten thousands digit of 336407766?
0
What is the tens digit of 913311905?
0
What is the units digit of 1163850953?
3
What is the units digit of 72927610?
0
What is the ten thousands digit of 85634844?
3
What is the ten millions digit of 97347672?
9
What is the tens digit of 174608048?
4
What is the ten thousands digit of 7838819?
3
What is the millions digit of 1826357620?
6
What is the billions digit of 1054837856?
1
What is the thousands digit of 52307958?
7
What is the tens digit of 77637442?
4
What is the hundred thousands digit of 833382458?
3
What is the ten thousands digit of 35092257?
9
What is the millions digit of 5002328?
5
What is the hundred thousands digit of 21253947?
2
What is the tens digit of 186773043?
4
What is the millions digit of 9062252?
9
What is the ten millions digit of 977532738?
7
What is the millions digit of 287550933?
7
What is the hundred thousands digit of 2153727716?
7
What is the hundreds digit of 223615432?
4
What is the thousands digit of 191921850?
1
What is the millions digit of 812509079?
2
What is the thousands digit of 315668483?
8
What is the ten millions digit of 2193762795?
9
What is the units digit of 160383596?
6
What is the tens digit of 508388579?
7
What is the ten thousands digit of 35606710?
0
What is the ten millions digit of 1062332160?
